se 4*v - 72 = -4*l, -2*l + 84 = 4*v + 14. Calculate the highest common factor of v and n.
17
Suppose g = 31*g - 22110. Calculate the highest common factor of 134 and g.
67
Suppose -258*p = -256*p - 1742. What is the highest common factor of 67 and p?
67
Let b = 26 - 7. Let g be (16/(-14))/(1*6/(-21)) + 129. What is the highest common divisor of g and b?
19
Let d(m) = -m**3 + 9*m**2 + 11*m. Let t(s) = 4*s + 1. Let a be t(8). Suppose 7 = 4*w - a. Let v be d(w). What is the highest common divisor of v and 10?
10
Let n = -2 - -27. Let w = n - 13. Let m be (4/(-12))/((-2)/w). What is the greatest common factor of m and 8?
2
Let y(z) = -16 - 1 - 13*z - 31*z**2 + 22*z**2 - z**3. Let f be y(-8). Calculate the highest common divisor of 69 and f.
23
Let z(q) = 5*q + 1. Let m be (-1 - 27/(-2)) + (-5)/(-10). Let k be z(m). What is the greatest common factor of k and 6?
6
Let j = -90 + 300. Calculate the greatest common factor of j and 70.
70
Let r be ((-6)/(-9))/(-4 - 1842/(-459)). Calculate the highest common divisor of r and 17.
17
Let u = -860 - -1049. What is the highest common factor of u and 21?
21
Suppose -110 - 6 = j. Let k = j - -200. Calculate the highest common factor of k and 12.
12
Suppose 5*h = 2*k, 0 = 4*h - 3*k + 12 - 5. Suppose -a - w - h = -1, -w = 4*a - 8. Suppose a*z = 4*z - 45. Calculate the highest common factor of z and 9.
9
Let g = 12 + 38. Let s be 1 - (-1)/((-1)/(-11)). Let i(a) = a**2 - 9*a - 16. Let h be i(s). Calculate the greatest common divisor of h and g.
10
Let v = -381 - -469. What is the highest common divisor of 11 and v?
11
Let t(p) = -p - 2. Let r be t(-5). Let b be 2 - (-3 + -8)*r. What is the greatest common factor of b and 35?
35
Let v be (-3 - 39/(-12))/((-5)/20). Let a be (-2)/(44/36 - 1)*v. Suppose -i = -4*o + 327, -i + 0 = 3. Calculate the greatest common divisor of a and o.
9
Let x = -25 - -21. Let s be 4*(6 - (x + 9)). Calculate the greatest common factor of s and 20.
4
Let u(h) = -19*h - 27. Let o be u(-2). Let i be 76 + 2 + (0 - 1). What is the greatest common factor of o and i?
11
Let q(d) = d**2 - 67*d - 588. Let c be q(-9). Calculate the greatest common divisor of c and 1200.
48
Suppose 3*y - 14 = -2. Suppose 1008 = y*m - 0*m. Calculate the highest common divisor of m and 36.
36
Let a = 15 + 10. Let v(g) = 3*g**2 - 10*g - 72. Let n be v(-8). What is the highest common factor of a and n?
25
Let s be 2362 - ((-27)/3 + 17). Calculate the highest common factor of 22 and s.
22
Let d = 17 + -12. Suppose 8 = d*c - 7. Let r be 3/((-1)/((-5)/c)). Calculate the highest common factor of r and 10.
5
Suppose -3773 - 2519 = -11*q. What is the highest common factor of q and 88?
44
Let h be (273/(-15) - 0)*(-24 - -14). What is the highest common factor of h and 28?
14
Let x(w) = w**3 - 6*w**2 + 29. Let t be x(9). What is the greatest common divisor of 32 and t?
16
Let y be (-5)/(3/(-18)*2). Let h(s) = s - 9. Let m be h(y). Calculate the greatest common factor of m and 15.
3
Let x(g) = -21*g - 2 - 1 + 2. Let m be x(-1). Suppose 4*v - 39 = 81. What is the highest common divisor of m and v?
10
Let h be 2/(-2) - (-33)/11. Suppose k + v - 2 = h, -11 = -4*k + v. Let q be 1 + 5/(-1)*-1. What is the highest common factor of q and k?
3
Let f be ((-114)/24 - -5)/(2/24). Let w = -60 + 87. Calculate the greatest common divisor of f and w.
3
Suppose 0 = o + 4*o - 120. Suppose 0 = 5*b + 4*r - 0*r - 15, 0 = -5*b - 2*r + 15. Suppose 2*g + b*g = 30. Calculate the greatest common divisor of o and g.
6
Let y(k) be the third derivative of -k**6/120 - k**5/12 + 3*k**4/8 + 10*k**3/3 + 16*k**2. Let d be y(-6). Calculate the highest common divisor of d and 1.
1
Let w be (4 - (-4 + 5)) + 5. What is the greatest common divisor of w and 464?
8
Suppose 3*d - k + 145 = -122, -5*d + k = 443. Let c = d - -124. Let i = c - 23. Calculate the greatest common factor of 13 and i.
13
Suppose 1675 = 5*i + 3*s, -5*s - 3 - 360 = -i. What is the greatest common factor of i and 26?
26
Suppose 0 = -153*f + 150*f + 192. What is the highest common factor of 24 and f?
8
Suppose -21 = -3*v + 111. Let i = 6 - -104. What is the greatest common factor of i and v?
22
Let a = 40 - 29. Let m(x) = -x**3 + 12*x**2 - 11*x + 12. Let t be m(a). What is the greatest common divisor of 3 and t?
3
Let m = -40 - -23. Let w = m - -22. Calculate the greatest common divisor of w and 55.
5
Suppose -3*s + 1530 = 585. Calculate the greatest common factor of 140 and s.
35
Suppose 21*d - 12*d - 2871 = 0. Calculate the greatest common divisor of d and 11.
11
Let q be (5*-2)/(56/(-840)). Calculate the highest common factor of q and 40.
10
Let r be 0 - 10*5*-1. Suppose -18*k + 13*k - u = -130, 5*k - 105 = 4*u. What is the highest common factor of k and r?
25
Let h = -39 + 39. Suppose 4*c - 79 - 1 = h. Calculate the highest common divisor of 60 and c.
20
Let f(o) = -o**3 - 4*o**2 + o + 6. Let s = -16 + 12. Let n be f(s). Let h be 14/(-4)*(-12)/3. Calculate the greatest common factor of h and n.
2
Let g = -11 + 16. Let i be -8 + 8/4 - -2. Let o be (-493)/(-11) + i/(-22). Calculate the greatest common factor of g and o.
5
Let o be (42/(-36))/(1/(-27))*2. What is the highest common factor of 9 and o?
9
Let o = 528 - 500. What is the highest common factor of 52 and o?
4
Let y(u) = -u**3 - 11*u**2 - 5*u - 7. Let l be y(-9). Let f = l - -286. Calculate the greatest common factor of f and 18.
18
Let a be -2 - (-2 - 5 - -3). Let k(b) = -3 + 2*b - 9*b**2 + 2 + 11*b**a. Let g be k(1). What is the highest common divisor of g and 27?
3
Let y = 6 - -16. Let c = y - -33. Let o = 17 + 5. What is the highest common divisor of o and c?
11
Let k = 327 + -274. Calculate the highest common factor of 1643 and k.
53
Let h = 146 + -140. What is the greatest common divisor of 8 and h?
2
Let o(z) = -z**3 + 21*z**2 - 28*z - 40. Let p be o(19). Calculate the greatest common factor of p and 15.
15
Let a(r) = 3*r**2 + 3*r. Let x be a(-2). Let b(d) = d**2 + 3*d + 66. Let k be b(0). Calculate the greatest common factor of x and k.
6
Suppose 0 = -619*j + 614*j + 290. Suppose 0 = 2*y - y + 1. Let z be (y - 3/2)*-58. What is the highest common factor of z and j?
29
Let d = -42 - -78. Suppose 4*z - 50 = -2. Calculate the highest common divisor of z and d.
12
Let s = 41 - 29. Suppose -s = 2*o - 36. Calculate the highest common factor of o and 108.
12
Let r be (1 + 5)/(-2 - 52/(-24)). Calculate the greatest common divisor of r and 156.
12
Let q = 42 - 36. Suppose -4*h + 40 + q = 3*o, -2*o = -4. Let x be (96/(-8))/((-6)/20). Calculate the highest common divisor of h and x.
10
Let k(j) = -j**3 + 6*j**2 + 19*j - 19. Let o be k(8). Suppose -5*m + 35 = n, 0 = o*m - 8 - 12. What is the highest common divisor of 15 and n?
15
Let n(r) = -r + 22. Let c be n(15). Suppose 0 = -285*b + 283*b + 70. Calculate the greatest common divisor of c and b.
7
Let t be (287/(-14))/((-9)/234). Calculate the greatest common divisor of 13 and t.
13
Let q = 20 + -26. Let g be (q/15)/((-8)/20). Calculate the greatest common factor of 1 and g.
1
Suppose -18*j + 76 = -16*j. Suppose j*f = 39*f - 85. Calculate the highest common divisor of f and 34.
17
Suppose -200 = -4*j - 2*g, -4*j + 2*g = -j - 157. Suppose -j = p - 151. Calculate the greatest common factor of p and 25.
25
Let o = -982 - -1043. Suppose -h = 2*h + 5*s - 1632, 2*s = 4*h - 2202. What is the greatest common factor of o and h?
61
Let g(l) = l**2 + 16*l - 276. Let i be g(11). What is the highest common factor of 2625 and i?
21
Suppose 1676 = 7*k - 5*d, 3*d = -3*k + 345 + 399. What is the highest common divisor of 9 and k?
9
Suppose -22 - 8 = -5*o. Let j(l) = -4 + o*l**2 + l - 4*l**3 + 4*l**3 - l**3 + 0*l**2. Let r be j(6). What is the greatest common divisor of r and 8?
2
Let m = -532 - -707. What is the highest common factor of m and 50?
25
Suppose 2 + 58 = n. Calculate the greatest common divisor of n and 15.
15
Let r(b) = -5*b + 16. Let x be r(-6). What is the greatest common factor of 391 and x?
23
Let i be 40/3 - (-120)/72. Suppose 3*w + s + 5 = -s, -2*w + 4*s - 14 = 0. Let r be (0 + 3)*(-15)/w. What is the highest common factor of i and r?
15
Let q be 2/(-4)*(3 + -9) - 1833. Let z be (-2)/(-17) - q/51. Suppose -7 = -5*n + 13. What is the highest common divisor of n and z?
4
Let y(k) = -k*